 {"id":126,"date":"2022-02-16T22:44:58","date_gmt":"2022-02-16T22:44:58","guid":{"rendered":"https:\/\/capp.psicologiacr.com\/?page_id=126"},"modified":"2022-03-03T04:31:51","modified_gmt":"2022-03-03T04:31:51","slug":"redes-de-voluntariado","status":"publish","type":"page","link":"https:\/\/capp.psicologiacr.com\/index.php\/redes-de-voluntariado\/","title":{"rendered":"Voluntariado"},"content":{"rendered":"<p>Creada en mayo 2019, la l\u00ednea de atenci\u00f3n \u201cAqu\u00ed Estoy\u201d opera bajo una Red de Voluntariado que aborda el comportamiento e ideaci\u00f3n suicida, con el objetivo de ayudar en la prevenci\u00f3n de suicidio, espec\u00edficamente a persona que no contaran con los medios necesarios para costear procesos psicoterap\u00e9uticos.<\/p>\n<p>Desde el Colegio de Profesionales en Psicolog\u00eda reconocimos la necesidad de promover y mantener activo el modelo de voluntariado de manera paralela a los servicios psicol\u00f3gicos de atenci\u00f3n primaria que organizaciones, empresas e instituciones financian a trav\u00e9s del CAPP.<\/p>\n<p>La creaci\u00f3n de la L\u00ednea Aqu\u00ed Estoy ha tenido un gran impacto en la sociedad costarricense, siendo un voluntariado estructurado y coordinado desde el Colegio que resulta en un mecanismo id\u00f3neo permitiendo la continuidad del servicio.<\/p>\n<p>Desde el CAPP, cada cuatrimestre se lanza una invitaci\u00f3n para conformar el equipo de personas voluntarias, que deseen poner a disposici\u00f3n de la l\u00ednea, su conocimiento, formaci\u00f3n y experiencia profesional.<\/p>\n<p>Cualquier persona profesional en psicolog\u00eda, activo y al d\u00eda con sus obligaciones con el CPPCR, puede realizar el servicio de voluntariado en el CAPP, escribiendo al correo electr\u00f3nico:\u00a0<a href=\"mailto:capp@psicologiacr.com\">capp@psicologiacr.com<\/a><\/p>\n","protected":false},"excerpt":{"rendered":"<p>Creada en mayo 2019, la l\u00ednea de atenci\u00f3n \u201cAqu\u00ed Estoy\u201d opera bajo una Red de Voluntariado que aborda el comportamiento e ideaci\u00f3n suicida, con el objetivo de ayudar en la prevenci\u00f3n de suicidio, espec\u00edficamente a persona que no contaran con los medios necesarios para costear procesos psicoterap\u00e9uticos. Desde el Colegio de Profesionales en Psicolog\u00eda reconocimos [&hellip;]<\/p>\n","protected":false},"author":1,"featured_media":0,"parent":0,"menu_order":0,"comment_status":"closed","ping_status":"closed","template":"","meta":{"footnotes":""},"acf":[],"_links":{"self":[{"href":"https:\/\/capp.psicologiacr.com\/index.php\/wp-json\/wp\/v2\/pages\/126"}],"collection":[{"href":"https:\/\/capp.psicologiacr.com\/index.php\/wp-json\/wp\/v2\/pages"}],"about":[{"href":"https:\/\/capp.psicologiacr.com\/index.php\/wp-json\/wp\/v2\/types\/page"}],"author":[{"embeddable":true,"href":"https:\/\/capp.psicologiacr.com\/index.php\/wp-json\/wp\/v2\/users\/1"}],"replies":[{"embeddable":true,"href":"https:\/\/capp.psicologiacr.com\/index.php\/wp-json\/wp\/v2\/comments?post=126"}],"version-history":[{"count":3,"href":"https:\/\/capp.psicologiacr.com\/index.php\/wp-json\/wp\/v2\/pages\/126\/revisions"}],"predecessor-version":[{"id":201,"href":"https:\/\/capp.psicologiacr.com\/index.php\/wp-json\/wp\/v2\/pages\/126\/revisions\/201"}],"wp:attachment":[{"href":"https:\/\/capp.psicologiacr.com\/index.php\/wp-json\/wp\/v2\/media?parent=126"}],"curies":[{"name":"wp","href":"https:\/\/api.w.org\/{rel}","templated":true}]}}